mmon factor of 16 and m.
8
Let f be 15*-3*(-4)/30. Suppose -2*o - 2*t = -7*t + 27, 3*o + 2*t + 12 = 0. Let z be ((-27)/12)/(o/16). Calculate the greatest common factor of z and f.
6
Let a be 5/(60/(-39))*-4. Suppose -3*v + 111 = 30. Suppose v - 1 = x. What is the greatest common factor of a and x?
13
Let r be 1 + -3 + 4 - 0. Suppose o + f - 20 = -2*o, -2*o - r*f + 8 = 0. Suppose -18*k + 16 = -16*k. Calculate the highest common divisor of o and k.
8
Suppose -4*y + 30 = -2*x - 26, -2*y + 4*x = -34. Let d = y - 1. What is the highest common factor of d and 6?
6
Let j(g) = g**2 - 33*g + 35. Let c be j(34). Calculate the greatest common divisor of c and 33.
3
Suppose 4*z = 3*z + 4. Suppose 5*r - 8 = -4*c, 2 = 3*c - 2*r - z. Let x be (37/2 + 1)*c. Calculate the highest common divisor of x and 26.
13
Let c = 83 - 86. Let s be 18/(-4)*c + (-15)/30. What is the highest common divisor of s and 117?
13
Let t(z) = -11*z + 4. Let j be t(-6). Suppose 0 = 3*b - 5*b - 5*i + 53, b - i = 9. What is the highest common divisor of j and b?
14
Suppose 9*f - 5*f - 4*v = 108, 0 = f + 3*v - 27. Calculate the highest common divisor of f and 216.
27
Suppose -52*x = -50*x - 70. Suppose 0*v + v - 62 = -4*w, -x = -3*w + 5*v. What is the greatest common divisor of w and 3?
3
Let k = -181 + 342. What is the highest common factor of 115 and k?
23
Let b(l) = -14*l + 536. Let n be b(30). Calculate the highest common factor of 203 and n.
29
Let r = -499 - -715. What is the highest common divisor of 27 and r?
27
Let l(y) = 2*y**3 + 57*y**2 + 27*y - 22. Let a be l(-28). Calculate the greatest common divisor of 57 and a.
3
Let m = -16 - -20. Let l be ((-14)/3 + m)*-3. Suppose -b - t - 8 = -2*b, -5*b + l*t = -25. What is the highest common factor of 15 and b?
3
Let n(v) = -45 - v - 16*v + v - 146. Let l(h) = -3*h - 38. Let c(b) = -11*l(b) + 2*n(b). Let q be c(-9). Calculate the greatest common divisor of q and 216.
27
Let j = 34 + -27. Suppose 5 - 152 = -j*d. Calculate the greatest common factor of d and 3.
3
Suppose 5*q = -111 - 244. Let p = 127 + q. What is the highest common factor of 7 and p?
7
Let b(l) be the first derivative of -l**3/3 + 8*l**2 - 8*l - 154. Let w be -2 + -15*(-4)/6. Let m be b(w). What is the highest common factor of m and 7?
7
Let h(p) = 2*p**2 + 8*p + 3. Let z be h(-6). Let t be ((-2)/4)/(2/48). Let a be (0 - (-9)/t)*-4. Calculate the highest common divisor of a and z.
3
Suppose n + d + 5 = 13, 0 = 5*d + 5. Suppose -j - 4*j = 0. Suppose -24 = -4*t - j*t. Calculate the highest common factor of t and n.
3
Let p = 8 - 3. Suppose p*f - 4*f - 4*o = 3, 5*f - 63 = -4*o. Calculate the highest common factor of 99 and f.
11
Suppose 45*f + 4862 = 71*f. What is the highest common divisor of f and 176?
11
Let q(d) = -d**3 - 31*d**2 - 64*d - 142. Let n be q(-29). Let m be 1*-1 - 162/(-2). Calculate the greatest common divisor of m and n.
16
Let k = 134 - 118. Calculate the highest common divisor of k and 224.
16
Suppose -76 = 6*b - 424. Let n = b - 57. Calculate the greatest common divisor of n and 3.
1
Let x(c) = c**2 + c + 6. Let z be x(0). Let m be (-10)/3*-3 - 1. Suppose m*i - 195 = z*i. What is the greatest common divisor of 26 and i?
13
Let k = -190 - -195. What is the greatest common divisor of k and 55?
5
Let m be (-1 - -26) + (123 - 112). What is the greatest common factor of 9 and m?
9
Suppose 0*a + 5*a = 20. Suppose -l - 3*l - 4*o = -828, 4*o + 796 = a*l. What is the highest common divisor of 29 and l?
29
Let b = -29 + 108. Let u = b + -76. What is the greatest common factor of u and 1?
1
Let h(v) = 9*v - 36. Let a be (0 + -1)/(3/81*-3). Let z be h(a). Calculate the highest common divisor of z and 360.
45
Suppose -4*s + 316 = -52. Let z(m) be the first derivative of 8*m**3 + m**2 + m - 2. Let p be z(-1). What is the highest common divisor of s and p?
23
Suppose 4*u = -3*u + 3*u. Suppose u = -7*i - i + 336. Calculate the highest common divisor of 28 and i.
14
Suppose 0 = 12*i - 0*i - 216. What is the greatest common factor of i and 48?
6
Suppose -8*f + 579 + 2309 = 0. Calculate the highest common divisor of 19 and f.
19
Let y(n) = -3*n - 16. Let p be y(-6). Suppose z - p*z - 9 = -3*x, 12 = -4*z. Let t be 4/(-10) - 276/(-15). Calculate the greatest common divisor of x and t.
2
Suppose 0 = 4*x - 2*x + 22. Let d be (-1 - 0) + (2 + -5)/(-1). Let z be d/x + (-70)/(-22). Calculate the greatest common divisor of 3 and z.
3
Suppose 0 = -a - 5*n + 146, 5*a - 3*n - 817 = n. Let s(i) = -2*i**3 - 70*i**2 - i - 12. Let c be s(-35). What is the highest common factor of a and c?
23
Suppose 233*j + 105 = 238*j. What is the highest common factor of j and 6?
3
Let f be (-6 + 12)*(1 - 0). Suppose 8*p = f*p + 24. Calculate the highest common divisor of 24 and p.
12
Let w be ((-21)/(-28))/(3/36). Let j(a) = a**3 - 9*a**2 + 2*a + 1. Let q be j(w). What is the greatest common divisor of q and 171?
19
Suppose -2*t + t = -14. Suppose 0 = -o + t - 11. Calculate the highest common factor of o and 9.
3
Let i be -166 - -167 - (-52 - -3)*1. Let p(h) = -6*h - 5. Let v be p(-5). Calculate the highest common divisor of v and i.
25
Suppose 13*y - 151 = 109. Suppose 3*i + 4 = 22. Let a be 18 + i/(3 + 0). What is the greatest common divisor of a and y?
20
Let n(q) = q**3 - 11*q**2 + 2*q + 4. Suppose m = -2*m + 108. Suppose 8 + m = 4*b. Let a be n(b). Calculate the greatest common factor of a and 65.
13
Let u = 179 - 146. What is the highest common divisor of 231 and u?
33
Let o(j) = -j**3 + j**2 + 2*j. Let h be 129/(-45) - 2/15. Let f be o(h). What is the highest common divisor of f and 12?
6
Let v = -47 - -77. Suppose -581*t + 590*t = 1080. What is the greatest common divisor of v and t?
30
Suppose 487*s - 502*s + 6615 = 0. Calculate the highest common divisor of s and 63.
63
Let j = -37 + 39. Suppose j*u - 84 = -0*u. What is the highest common divisor of u and 28?
14
Let o be (63/(-14) + 1)*-32. Suppose 0 = 4*d + 5*j - 51, 4*d - 60 = 3*j + j. Let a be d*(-2)/10*-5. What is the greatest common divisor of o and a?
14
Let k be 6086/14 - (-42)/147. Suppose -4*r = 127 - k. Suppose -2*m - 102 = -4*h - 0*m, 4*h + 3*m - r = 0. Calculate the greatest common divisor of h and 161.
23
Suppose -5*v - 39 = -2*n, 0*n = 2*n + 5*v + 11. Let i(h) = n*h - 9*h + 2 + 9*h. Let j be i(1). Calculate the greatest common factor of j and 6.
3
Suppose 51*p = 689 + 1657. Calculate the highest common divisor of p and 2.
2
Suppose -4*f = -0*d - 5*d - 16, -f = -3*d - 4. Suppose d = 6*c + 7*c - 897. Calculate the greatest common factor of 115 and c.
23
Let i(q) = 10 - q**3 + 9*q + 0*q**3 - 23*q + 12*q**2. Let u be i(11). Let d = u - -59. Calculate the highest common factor of 90 and d.
18
Suppose 113 + 265 = 18*z. What is the highest common factor of 18 and z?
3
Let k(t) = -t**2 - 25*t + 21. Let j be k(-25). What is the highest common factor of 336 and j?
21
Let x(q) = q**3 - 8*q**2 + q + 8. Let b be x(8). Let s be (324/540)/((-3)/(-5)). What is the greatest common factor of s and b?
1
Suppose -4*r - 2*c = -202, 0 = -10*r + 5*r + 3*c + 236. What is the greatest common factor of r and 63?
7
Suppose 4*a + 5*c = 114, 3*c = a + 4*c - 28. Suppose -u = 3*r - 26, a = -u + 2*u + 4*r. What is the highest common factor of u and 13?
13
Let h = -757 - -805. What is the highest common divisor of h and 128?
16
Let l = 211 - 96. Suppose -3*p + 49 = -20. What is the highest common divisor of p and l?
23
Suppose 0 = 4*h + p - 11, 0 = 3*h - 8*h + p + 16. Suppose -3*o - x = -53, 6*o - 49 = 2*o + h*x. What is the highest common factor of 4 and o?
4
Suppose -8*i = -2*i - 102. Let p = 7 + i. Suppose -s - x - 3*x = -28, 2*s - 49 = -x. What is the greatest common divisor of p and s?
24
Let m be -2 + -3 + 3 + -34. Let y be (m/(-21))/(1/7). Let j be 14/8 + 3/y. What is the greatest common factor of j and 10?
2
Suppose -14*i + 4*i + 20 = 0. Let a be 6/(-3) + 2 + i. What is the highest common factor of a and 10?
2
Suppose 0 = -0*a - 3*a + 294. Let f be (-2)/(a/32 + -3). Let n = -7 - f. Calculate the highest common factor of 10 and n.
5
Let c = -2 - 1. Let o be (-8)/c*(27 + -21). Calculate the highest common factor of 128 and o.
16
Let o be 27/(-2)*(-440)/60. Let f = 208 - 142. What is the highest common divisor of o and f?
33
Suppose 4*r - 8 = 2*r. L